9
Suppose -4*m + 14966 = -5*z + 3540, -5*z = 3*m - 8552. What is the thousands digit of m?
2
Let i(n) = 3*n + 45. Let j(t) = 3*t + 44. Let d(g) = 5*i(g) - 6*j(g). What is the units digit of d(-15)?
6
Suppose 0*y - 396 = -3*i - y, 0 = -3*i + 3*y + 408. What is the hundreds digit of i?
1
What is the tens digit of ((-1)/2 - 2)*2 - -616?
1
Let w(a) = -a**3 + 5*a**2 + 5*a + 5. Let o be w(6). Let z be 4/2*o - -5. What is the units digit of ((-168)/(-20) - z)*5?
7
Let k(o) = 10*o + 0*o**2 - o**2 + 0*o**2 + 14. Let f be k(11). Suppose -j + 20 = f*j, 4*b + 1 = j. What is the units digit of b?
1
Let z(t) = 3*t**3 - 3*t**2 - 14*t - 5. What is the tens digit of z(6)?
5
Let d be ((-6)/(-2) + -5 - 0) + 86. Suppose 0 = -5*f, -h + d = 3*h - 5*f. What is the tens digit of h?
2
Let v(r) = 247*r + 46. What is the units digit of v(4)?
4
Let q(f) be the third derivative of 5*f**4/12 - 5*f**3/6 + 22*f**2. Let o be (-1)/2*20/(-2). What is the tens digit of q(o)?
4
Let x be 19 - 4/2*-1. Let k be 35/((-25)/5) + -3 - 2. Let b = x + k. What is the units digit of b?
9
Suppose -1 = -t + 3. Suppose -2*n = -t*g - 12, -3*g + 38 = 3*n + g. Suppose 3*i + 66 = 3*l, 4*i - 4 = -2*l + n. What is the tens digit of l?
1
Suppose -2*y + 4*p = -154, 59*y = 55*y + 3*p + 313. What is the units digit of y?
9
Let s be -2 + -1*(4 - 4). What is the tens digit of 6/s + 29 - 2?
2
Let i(q) = -q**2 + 6*q - 9. Let v be i(6). Let o be (-728)/39 + (-4)/(-6). What is the tens digit of (v/(-6))/((-1)/o)?
2
Suppose 0 = 31*q - 30*q - 362. What is the hundreds digit of q?
3
Suppose m - 5*x = 331, 0 = 3*m - 0*x + 5*x - 933. Suppose m - 111 = 5*b. What is the tens digit of b?
4
Let r = -64 - -3234. What is the tens digit of r?
7
Let a be (-6)/10 - 216/40. Let c be 1/2*(6 + a). Suppose 2*b - 91 - 9 = c. What is the tens digit of b?
5
Suppose 10 = -3*g + 31. Let h = -202 + 201. Let d = g + h. What is the units digit of d?
6
Let b(m) = -m**2 + 12*m - 18. Let k be b(11). What is the tens digit of 4/(-14) + (-310)/k?
4
Let l be ((-516)/15)/((-2)/20). Suppose q + 265 + 189 = 5*y, l = 4*y + 4*q. Let r = -64 + y. What is the units digit of r?
6
Let j(d) = 114*d - 98. What is the hundreds digit of j(25)?
7
Let q = -66 - -656. What is the units digit of q?
0
Suppose -2 = -4*d + 22. Suppose 4*u + 64 = d*u. What is the units digit of u?
2
Suppose 0 = 5*d + 20, -d - d - 268 = -4*k. Let h(l) = l**2 - 11*l - 19. Let z be h(13). What is the units digit of -2*1 + (k - z)?
6
Let m be ((-310)/(-4))/(13/26). Suppose 0 = -3*o + w + m, -4*o + 249 = -4*w + 45. What is the units digit of 200/o - 4/(-26)?
4
Let j(r) be the second derivative of r**5/10 + 5*r**4/3 + 5*r**3/3 - 9*r**2/2 + 2*r. What is the tens digit of j(-9)?
6
Let d = -2160 - -3111. What is the tens digit of d?
5
Let i = -1463 - -4592. What is the hundreds digit of i?
1
Let b = -30 + 32. Suppose 3*s - 5*d - 122 = -3*d, -3*s + 118 = b*d. What is the tens digit of s?
4
Suppose 252 = 4*i - i. Suppose 0*v = 2*v. Suppose 3*b - 6*b + i = v. What is the tens digit of b?
2
Suppose 2*u - 415 = -3*u. Suppose -5*f = u + 7. What is the units digit of ((-4)/6)/(1/f)?
2
Suppose -4*z + 12 = 5*b, b + 0*b = -z + 3. Suppose b = p - 7 + 37. What is the units digit of 9/((-27)/p) + 0?
0
Let i = -22 + 22. Let q be 2 + -2 + i/(-6). Suppose -5*j - o + 41 = q, -38 = -5*j + 2*o - 0*o. What is the units digit of j?
8
Let f(p) = 4*p**2 - 9*p - 23. What is the units digit of f(9)?
0
Let l = -2627 - -4654. What is the units digit of l?
7
Let i(s) = 158*s + 562. What is the hundreds digit of i(28)?
9
Let b be (-8)/(-4) - (-8 + 0). Suppose 0 = -2*c + 5*y - 4 - b, -c - 5 = -2*y. Let m = 24 - c. What is the tens digit of m?
2
Suppose 0 = t + 3*z - 1707, 6*z = 4*t + z - 6794. What is the tens digit of t?
0
What is the units digit of 11/22 - 662/(-4)?
6
Let b(w) = 25*w**2 + 3*w + 12. What is the tens digit of b(-3)?
2
Let c = 272 + 308. What is the tens digit of c?
8
Suppose -t - 3924 = -10*t. What is the tens digit of t?
3
Suppose 0 = 14*p - 259 + 49. Suppose -3*t = 7 + 5. Let a = t + p. What is the units digit of a?
1
Let l = -1237 - -1860. What is the tens digit of l?
2
Suppose u + 6 = 3*u. Let t be (3 - 9)*(-10)/u. Suppose 0 = -2*z + n + 8, -4*z + 5*n = 2*n - t. What is the units digit of z?
2
Suppose -2*v = 82 - 1934. What is the units digit of v?
6
Let u = 38 + -21. Let r(s) = -s**3 - 24*s**2 + 53*s + 33. Let n be r(-26). Suppose u + n = 2*m. What is the units digit of m?
2
Let w(d) = 3318*d**2 - 22*d - 19. What is the tens digit of w(-1)?
2
Let n(w) = 7*w + 9 + 2*w**3 - w**3 + 9*w**2 + 4. What is the tens digit of n(-7)?
6
Let n be (12/10)/(9/240). Suppose 2*x + 110 = 2*d - n, 4*d + 5*x - 257 = 0. What is the units digit of d?
8
Suppose i = -122 + 9. Let x = i + 183. What is the tens digit of x?
7
Suppose -2*a + 2*y = a - 335, -328 = -3*a - 5*y. Let i = 259 - a. Suppose 3*p + 25 = i. What is the units digit of p?
1
Let d(t) = -4*t - 47. Suppose -2*n - 53 = -2*p - p, 3*n - 2*p + 67 = 0. What is the tens digit of d(n)?
2
Suppose -3*i + 19 = -26. Suppose 10*b = i*b - 215. What is the units digit of b?
3
Let j(s) = 12*s + 2. Suppose 48 = z + 7*z. What is the tens digit of j(z)?
7
Let z = -96 - -149. Let r = 57 + z. Suppose 4*u - 62 = r. What is the tens digit of u?
4
Suppose 0 = -4*p + 3*u + 68, 2*p = 4*u + 23 + 21. Let j = 13 + p. What is the units digit of j?
7
Let s(o) = o**2 + 9*o - 82. Let f be s(-15). What is the units digit of f/48 + 14/(-12) - -165?
4
Let l(f) = f**2 + 9*f + 4. Let z be l(6). Suppose o - z = 4*s - 0*s, -4*o = s - 291. What is the units digit of o?
4
Suppose -112*i - 2091 = -115*i. What is the hundreds digit of i?
6
What is the tens digit of 6 + (-2 - (-2445)/5)?
9
Suppose 2*m = -2*m - 4*f - 28, -4 = 4*m - 2*f. Let l = m - -7. What is the units digit of 25/1*(l - 1)?
5
Let t = -35 - -39. Suppose 4*q + 3*r = 318 + 239, -4*r = -t*q + 592. What is the tens digit of q?
4
Let g(w) = 16*w - 1. Let t be g(3). Let q = -248 + 268. Let r = t - q. What is the tens digit of r?
2
Let r(k) = -2*k**2 + 14*k + 13. Let v be r(8). What is the hundreds digit of 336/32*(-52)/v?
1
Suppose 0 = 16*w - 7*w - 2574. Suppose 4*i - 313 = -3*v + 106, 2*v = -4*i + w. What is the units digit of v?
3
Suppose 3*b = -2*b + 10. Suppose 2*z = b*h + 12, -3*h - 1 = -4*h. Suppose -17 = -4*g + z. What is the units digit of g?
6
Let i(f) = f**3 + 5*f**2 - 8*f + 16. Let z be i(-7). Let t(p) = p**2 + 24*p + 51. What is the units digit of t(z)?
3
Let d(i) = i**3 - 2*i**2 + i + 7. Let m be d(0). Suppose 13*k = m*k + 1704. Suppose -2*j - k = -6*j. What is the units digit of j?
1
Let k = 979 - 698. What is the units digit of k?
1
Suppose 2*h = 4 - 8, 3*h + 342 = 3*c. Suppose 6*l = 2*l + c. Suppose 3*y = -y + l. What is the units digit of y?
7
What is the units digit of (-2187887)/(-356) + 1/4?
6
Suppose -2*a = -3*v + 6 - 178, -5*a + 430 = -5*v. Suppose 0 = -2*q + 2*m + 36, 0 = -3*q + 2*m - 7*m + a. What is the units digit of q?
2
What is the tens digit of (4/(24/(-27)))/((-121)/6534)?
4
Let f(o) = 32*o**2 + 3*o + 3. Let p = -43 + 42. What is the tens digit of f(p)?
3
Let k be 10/3*(-2 - (-66)/15). Suppose 5*o + 11 = 4*f - 5, -k = -2*f + o. What is the units digit of f?
4
Suppose 7*z - 23684 + 7563 = 0. What is the units digit of z?
3
Let q = 249 + 120. What is the hundreds digit of q?
3
Suppose -5*r + 2 = -3*r. Let z = 44 - r. What is the tens digit of z?
4
Suppose v + 2*j = 619, 1700 = 3*v + j - 172. What is the hundreds digit of v?
6
Let t(u) = -2*u - 7. Let j be 6/18 - (-2)/(-6). Suppose -2*r + 0*r - 22 = j. What is the tens digit of t(r)?
1
Let m(l) = -l**3 - l**2 + l. Let g(p) = -3*p**3 - 9*p**2 - 3*p + 3. Let d(a) = -g(a) + 4*m(a). What is the units digit of d(6)?
3
Let f be 6 + -7 - 9/(-3). Suppose -4*d - f*n + 2 = -10, -5*d = 3*n - 15. Suppose -q + 82 = 3*t + 27, d*q - 207 = 5*t. What is the tens digit of q?
6
Suppose 4*l = l + 15. Suppose 80 = l*s - 90. Suppose 0 = -5*a - s + 309. What is the tens digit of a?
5
Suppose -5*k - 3*i + 3327 = -5*i, k = -5*i + 687. What is the hundreds digit of k?
6
Suppose -2*t = -3*f + 134, -2*f + 0*f = 2*t - 106. Suppose 0 = -5*q + 8*q - f. Let m = q - -16. What is the tens digit of m?
3
Suppose 0 = 3*f - 2*y - 4786, -3*f + 0*y + 4788 = -3*y. What is the units digit of f?
4